common factor of 731 and 989893?
17
What is the greatest common factor of 3426 and 2787051?
1713
Calculate the greatest common divisor of 137009 and 5890.
19
What is the highest common divisor of 2810 and 107815485?
1405
What is the greatest common divisor of 10320 and 152760?
120
What is the highest common factor of 775994 and 50719?
67
Calculate the greatest common divisor of 8256 and 15120606.
258
What is the greatest common factor of 141890 and 46?
2
Calculate the greatest common factor of 513 and 30878496.
513
Calculate the greatest common factor of 4 and 79643252.
4
Calculate the greatest common divisor of 270 and 501705144.
54
What is the highest common divisor of 126 and 10243534?
14
What is the highest common divisor of 175290885 and 21175?
4235
Calculate the greatest common divisor of 724482925 and 75.
25
What is the greatest common factor of 14359 and 502046?
173
Calculate the highest common factor of 74 and 87634907.
37
Calculate the greatest common divisor of 2 and 133932698.
2
Calculate the highest common factor of 3540 and 36485.
5
Calculate the highest common factor of 10828421 and 6905.
1381
Calculate the highest common factor of 39 and 5470153.
13
What is the highest common divisor of 13783932 and 135?
27
Calculate the greatest common factor of 3029 and 82758.
13
What is the greatest common divisor of 219 and 24651005?
73
What is the highest common factor of 4852275 and 43800?
75
Calculate the greatest common divisor of 33469 and 257.
1
Calculate the highest common divisor of 2 and 825521.
1
Calculate the highest common factor of 5 and 750632.
1
Calculate the highest common factor of 124 and 157616.
4
What is the greatest common divisor of 264 and 3634900632?
264
What is the greatest common divisor of 6786 and 1164306?
78
What is the greatest common factor of 3038 and 1569778?
434
Calculate the greatest common divisor of 6891752 and 1288.
56
What is the greatest common divisor of 48 and 168926742?
6
What is the highest common factor of 479 and 1552006463?
479
Calculate the highest common factor of 10530 and 35560.
10
What is the highest common factor of 27 and 78035103?
27
Calculate the greatest common factor of 974422 and 78.
2
Calculate the highest common factor of 15260912 and 82784.
3184
What is the highest common factor of 41536128 and 128?
128
Calculate the highest common divisor of 339945 and 1744265.
655
What is the greatest common factor of 1300 and 67595684?
52
Calculate the greatest common divisor of 62418 and 582.
6
Calculate the highest common divisor of 5950 and 12819800.
350
What is the highest common divisor of 1200 and 19000752?
48
Calculate the greatest common divisor of 16573656 and 48.
24
Calculate the highest common factor of 67664976 and 192.
48
Calculate the highest common divisor of 116969568 and 672.
96
Calculate the highest common divisor of 1835 and 117170255.
1835
Calculate the greatest common factor of 24 and 104445732.
12
What is the highest common factor of 125048 and 22852?
116
What is the highest common divisor of 2499340 and 680?
340
Calculate the highest common factor of 527 and 4357763.
527
What is the greatest common factor of 5331846 and 15249?
663
What is the highest common divisor of 211377647 and 3783?
1261
What is the highest common divisor of 16866 and 5760?
18
Calculate the greatest common divisor of 29432458 and 374.
22
What is the greatest common factor of 6918 and 966522?
6
What is the highest common factor of 2603482 and 850?
34
Calculate the highest common divisor of 855720 and 7632.
72
What is the highest common divisor of 10724 and 44224244?
1532
Calculate the greatest common divisor of 3276592 and 256.
16
What is the greatest common divisor of 354734 and 2207438?
1838
Calculate the highest common divisor of 54309 and 1029345.
1263
What is the highest common divisor of 266 and 24767659?
133
What is the highest common divisor of 13 and 1584481?
1
What is the greatest common factor of 44 and 144670438?
22
What is the highest common factor of 8 and 55928560?
8
Calculate the highest common divisor of 64534 and 12013.
41
What is the greatest common divisor of 1900 and 666400300?
1900
Calculate the greatest common divisor of 12 and 3594156.
12
Calculate the highest common divisor of 378 and 153902.
14
What is the highest common factor of 52569 and 12506643?
4779
What is the greatest common divisor of 36035609 and 634?
317
Calculate the greatest common factor of 3266 and 85794128.
142
What is the highest common divisor of 10649 and 12949?
23
What is the highest common factor of 261905515 and 465?
155
Calculate the greatest common divisor of 1983311 and 36326.
443
Calculate the greatest common divisor of 187 and 11460383.
11
What is the highest common factor of 336 and 113673?
21
Calculate the greatest common factor of 133755 and 29970.
555
What is the highest common divisor of 4168628 and 2724?
908
What is the highest common divisor of 190800 and 2418125?
1325
Calculate the greatest common factor of 5368909 and 82.
41
Calculate the highest common divisor of 25284 and 349237.
7
Calculate the highest common divisor of 144 and 12061968.
48
What is the highest common divisor of 15104822 and 17838?
1982
Calculate the highest common factor of 2497 and 8830437.
11
Calculate the greatest common divisor of 280705 and 1705.
155
Calculate the greatest common divisor of 341120 and 4624800.
6560
What is the greatest common factor of 882 and 112864374?
126
What is the greatest common factor of 3764955 and 1712715?
7545
What is the highest common divisor of 74818 and 354?
2
Calculate the highest common divisor of 228178476 and 12.
12
What is the highest common factor of 1384900 and 891?
11
Calculate the greatest common factor of 1729860901 and 1021.
1021
Calculate the greatest common divisor of 34244546 and 305.
61
Calculate the highest common factor of 86022 and 2310444.
486
What is the greatest common factor of 2081518 and 7258?
382
What is the greatest common factor of 10263127 and 153497?
5293
Calculate the greatest common divisor of 2110530 and 330.
30
Calculate the highest common factor of 42874799 and 5763.
1921
Calculate the highest common factor of 10417 and 53504.
11
Calculate the highest common factor of 291601 and 5232674.
1009
What is the highest common factor of 3971512 and 32?
8
Calculate the greatest common divisor of 52703 and 233331239.
7529
Calculate the highest common divisor of 18144 and 8876.
28
Calculate the highest common factor of 2847037 and 31931.
863
What is the highest common divisor of 3624 and 12917748?
1812
Calculate the greatest common divisor of 1210422 and 16482.
402
Calculate the greatest common factor of 277842 and 447.
3
What is the highest common divisor of 39156625 and 47500?
2375
Calculate the greatest common factor of 268 and 1656709.
67
What is the highest common factor of 535 and 27547685?
535
What is the greatest common factor of 101504 and 7220096?
1664
Calculate the highest common divisor of 5088 and 6774354.
318
What is the greatest common factor of 2445 and 370987185?
2445
Calculate the greatest common divisor of 24 and 364751448.
24
What is the highest common factor of 2115345 and 930?
15
What is the highest common factor of 715512 and 60888?
24
What is the highest common divisor of 16719384 and 2376?
264
Calculate the highest common factor of 44801 and 76982.
631
Calculate the greatest common factor of 1338180 and 1492.
4
What is the highest common factor of 21703813 and 217?
31
What is the highest common divisor of 11484 and 25410528?
396
Calculate the greatest common factor of 7865 and 125176920.
605
What is the greatest common divisor of 631332 and 9006?
114
Calculate the highest common factor of 1292 and 1466496.
76
What is the highest common divisor of 127397172 and 280?
28
What is the highest common factor of 36883378 and 826?
826
What is the greatest common divisor of 2800 and 1205484?
28
Calculate the highest common factor of 325 and 6682455.
65
Calculate the highest common divisor of 2932668 and 279.
9
What is the highest common divisor of 256 and 819296?
32
Calculate the greatest common factor of 3927329660 and 10.
10
What is the highest common factor of 1044096 and 2768?
16
Calculate the highest common divisor of 10723916 and 30708